{"id":18,"date":"2024-03-30T02:44:12","date_gmt":"2024-03-29T23:44:12","guid":{"rendered":"http:\/\/mhalukyalcinkaya.com.tr\/?page_id=18"},"modified":"2024-05-11T16:54:01","modified_gmt":"2024-05-11T13:54:01","slug":"hakkimda","status":"publish","type":"page","link":"https:\/\/mhalukyalcinkaya.com.tr\/index.php\/hakkimda\/","title":{"rendered":"Hakk\u0131mda"},"content":{"rendered":"<p>Bursa do\u011fumluyum ve \u00e7ocuklu\u011fumdan beri iyi bir sinema izleyicisiyim. Sinema yazar\u0131, Film ele\u015ftirmeni ve iyi bir tiyatro yorumcusuyum. Ayr\u0131ca t\u00fcm sanat dallar\u0131na ilgi duyuyor t\u00fcm d\u00fcnyay\u0131 takip ediyorum. <\/p>\n<p>Sinema bir sanatt\u0131r. Senaryo, oyunculuk ve senaryo yazarl\u0131\u011f\u0131 e\u011fitimleri ald\u0131m. T\u00fcrkiye&#8217;de bir\u00e7ok film festivaline davet edildim, kat\u0131ld\u0131m. Cannes Film Festivali ve Berlin Film Festivali&#8217;ne kat\u0131ld\u0131m ve uzun y\u0131llard\u0131r sinema sanat\u0131n\u0131n i\u00e7indeyim. \u00c7ekti\u011fim k\u0131sa film ve yazd\u0131\u011f\u0131m senaryolar ile yar\u0131\u015fmalara kat\u0131ld\u0131m. Bursa&#8217;da d\u00fczenlenen bir film festivalinin ilk y\u0131llar\u0131nda festival \u00e7al\u0131\u015fmalar\u0131 yapt\u0131m. Sinema sekt\u00f6r\u00fcnde geli\u015fmelerin \u00e7o\u011funu yak\u0131ndan takip ediyorum.<\/p>\n<p>Ayr\u0131ca, tiyatro sanat\u0131n\u0131 ve y\u0131l i\u00e7indeki yeni yap\u0131lan ve yinelenen tiyatro oyunlar\u0131n\u0131 takip etmekte ve seyretmekteyim.<\/p>\n<p>Sinema sanat\u0131 ile ilgili yaz\u0131lar\u0131m\u0131; Milliyet Blog, Kent Gazetesi, Bella T\u00fcrkiye, Gazete Bursa, BS Haberler ve T\u00fcm Haberler&#8217;den takip edebilirsiniz.<\/p>\n<p>Senaryo yazar\u0131 ve oyuncular\u0131, k\u00fclt\u00fcr ve sanat alan\u0131nda ara\u015ft\u0131rmalar yap\u0131yorum. Bir \u00e7ok yay\u0131na sinema ve tiyatro alan\u0131nda yaz\u0131lar yazmaktay\u0131m. Yaz\u0131lar\u0131mdaki amac\u0131m \u00a0sinema ve tiyatro sanat\u00e7\u0131lar\u0131n\u0131n sanata bak\u0131\u015f a\u00e7\u0131lar\u0131n\u0131 \u00f6n plana \u00e7\u0131karmak. Sanat\u0131n hayat\u0131 renklendirdi\u011fine inan\u0131yorum.<\/p>\n<p>Culture &amp; Art writer \/ film critic. I am doing research in the field of culture and art. I write articles for many publications in the fields of cinema and theater. My aim in my articles is to emphasize the perspective of cinema and theater artists on art. I believe that art colors life.<\/p>\n<p><a href=\"https:\/\/www.facebook.com\/m.halukyalcinkaya\" target=\"_blank\" rel=\"noopener\"><strong>Facebook<\/strong><\/a><\/p>\n<p>https:\/\/www.facebook.com\/m.halukyalcinkaya<\/p>\n<p><a href=\"https:\/\/www.instagram.com\/mhaluky\/\" target=\"_blank\" rel=\"noopener\"><strong>Instagram<\/strong><\/a><\/p>\n<p>https:\/\/www.instagram.com\/mhaluky\/<\/p>\n<p><strong>E-Mail :<\/strong> m.halukyalcinkaya@gmail.com<\/p>\n","protected":false},"excerpt":{"rendered":"<div class=\"mh-excerpt\"><p>Bursa do\u011fumluyum ve \u00e7ocuklu\u011fumdan beri iyi bir sinema izleyicisiyim. Sinema yazar\u0131, Film ele\u015ftirmeni ve iyi bir tiyatro yorumcusuyum. Ayr\u0131ca t\u00fcm sanat dallar\u0131na ilgi duyuyor t\u00fcm <a class=\"mh-excerpt-more\" href=\"https:\/\/mhalukyalcinkaya.com.tr\/index.php\/hakkimda\/\" title=\"Hakk\u0131mda\">Devam\u0131n\u0131 Oku<\/a><\/p>\n<\/div>","protected":false},"author":1,"featured_media":0,"parent":0,"menu_order":0,"comment_status":"closed","ping_status":"closed","template":"","meta":{"footnotes":""},"class_list":["post-18","page","type-page","status-publish","hentry"],"aioseo_notices":[],"_links":{"self":[{"href":"https:\/\/mhalukyalcinkaya.com.tr\/index.php\/wp-json\/wp\/v2\/pages\/18","targetHints":{"allow":["GET"]}}],"collection":[{"href":"https:\/\/mhalukyalcinkaya.com.tr\/index.php\/wp-json\/wp\/v2\/pages"}],"about":[{"href":"https:\/\/mhalukyalcinkaya.com.tr\/index.php\/wp-json\/wp\/v2\/types\/page"}],"author":[{"embeddable":true,"href":"https:\/\/mhalukyalcinkaya.com.tr\/index.php\/wp-json\/wp\/v2\/users\/1"}],"replies":[{"embeddable":true,"href":"https:\/\/mhalukyalcinkaya.com.tr\/index.php\/wp-json\/wp\/v2\/comments?post=18"}],"version-history":[{"count":6,"href":"https:\/\/mhalukyalcinkaya.com.tr\/index.php\/wp-json\/wp\/v2\/pages\/18\/revisions"}],"predecessor-version":[{"id":276,"href":"https:\/\/mhalukyalcinkaya.com.tr\/index.php\/wp-json\/wp\/v2\/pages\/18\/revisions\/276"}],"wp:attachment":[{"href":"https:\/\/mhalukyalcinkaya.com.tr\/index.php\/wp-json\/wp\/v2\/media?parent=18"}],"curies":[{"name":"wp","href":"https:\/\/api.w.org\/{rel}","templated":true}]}}